 39*u + 39*u. Let f be p(13). Suppose -3*o - 2*o = -3*c + 3493, -3*o - 5843 = -f*c. Is c a composite number?
False
Let m(u) = u**3 + 14*u**2 + 2*u + 40351. Is m(0) a composite number?
False
Let q(n) = -54*n**2 - 7*n + 5. Let a be q(-6). Let d = -578 - a. Is d composite?
False
Let x be (-56445)/212*-9*12. Let l = x - 2722. Is l a composite number?
True
Let p(l) = 0 + 895*l + 5 + 6. Suppose 46*w + s - 9 = 43*w, 4*s = 12. Is p(w) composite?
False
Let p = 19 - -9. Suppose 5*t - 22 = p. Suppose 2829 = -7*c + t*c. Is c a prime number?
False
Let o be (37/(-5 - -4))/((-3)/(-579)). Let r = -2430 - o. Is r prime?
False
Suppose -p - 3*m = 7, -4*p + 0*m - m + 5 = 0. Suppose 2*a - 5*x - 8098 = 0, 2*a - 8098 = -0*a - p*x. Is a a prime number?
True
Suppose -26*a - 42*a = -1147228. Is a composite?
False
Let d = 238 + -160. Let l = d - 71. Suppose -1948 = -11*a + l*a. Is a prime?
True
Suppose 1441 = -6*t + 187. Suppose -4*f + 2492 = 5*y, -998 = -2*y - 6*f + 4*f. Let r = t + y. Is r a prime number?
False
Let c(p) = 511*p**2 + 83*p - 239. Is c(3) prime?
False
Suppose -25*f + 20722 = f. Suppose 0 = -5*m + 3651 + 4829. Let v = m - f. Is v prime?
False
Suppose -5*t + 45 = 0, s - 47*t - 51154 = 52936. Is s a composite number?
False
Let s(l) = -19*l - 15313. Let k(x) = 153*x + 122502. Let y(f) = -4*k(f) - 33*s(f). Is y(0) a composite number?
True
Suppose -2*g + 147 = -9*g. Is (g/63)/(1/(-69663)) composite?
True
Let h be (-4)/8 + 1 - (-55)/10. Suppose m - h*n - 20161 = -n, -4*n + 20161 = m. Is m a prime number?
True
Suppose -107*t + 1700783 = -1016054. Is t a composite number?
False
Suppose 16*d + 3 = 3. Suppose d = 2*p + 2*i - 11348, -2*p + 7643 = 5*i - 3720. Is p a composite number?
False
Let o = 163 - 160. Suppose -z + 8*u - o*u + 5978 = 0, -z + 2*u = -5963. Is z a prime number?
True
Let l = -126 - -124. Is (6 + -4 - -946) + (l - -7) a prime number?
True
Let f be 2/(-8) - 0 - 189/(-4). Let i = -41 + f. Is (1 + 1404)/(i - 5) prime?
False
Let z(v) = v - 5. Let b be z(10). Suppose -18 = b*o + 27. Is ((-9584)/24)/(6/o) prime?
True
Let x be (-52)/12*-3 + -1. Suppose x = -7*a + 3*a. Is 391 + ((-27)/(-6) - a/(-6)) a composite number?
True
Let p be (0*3/(-6))/(-2). Suppose p*w - 1 = -w. Is 4/w - -1540 - (0 - -1) composite?
False
Suppose -s + 3*v = 2*s + 1776, -3*s - 1797 = 4*v. Let x be -2 + (s/(-21) - 2/6). Suppose 30*h - 508 = x*h. Is h a composite number?
False
Suppose 7*x - 18*x = 11. Is (19243/14)/(x/(-2)) prime?
True
Is (3 - 51/18) + 2734292/24 a prime number?
False
Let g(h) = -2*h**3 - 147*h**2 - 44*h + 243. Is g(-78) a composite number?
True
Let h = 168268 + -70853. Is h a composite number?
True
Let r(y) be the third derivative of 0*y + 0 - 119/24*y**4 - 2*y**3 + 19*y**2. Is r(-5) composite?
True
Let l(t) = -31*t**3 + 10*t**2 + 19*t - 4. Let k be l(-3). Suppose 5*v + g - 64 = -g, g = 5*v - 73. Suppose -v*n = -15108 - k. Is n a prime number?
False
Suppose -57*b = 3*n - 59*b - 394787, 5*b = -n + 131556. Is n a prime number?
True
Suppose 2*n - 3*n + 6 = -3*k, 2*n = 2*k + 8. Suppose 4*d + 23*i = 25*i + 1426, 1068 = n*d - 2*i. Is d a composite number?
True
Let o = -6376 - 1635. Let t = 19208 + o. Is t composite?
False
Let w(m) = 543*m**2 - 143*m + 161. Is w(33) composite?
False
Let o(g) = 4800*g + 1058. Let x(k) = -1200*k - 265. Let f(z) = -2*o(z) - 9*x(z). Is f(22) a composite number?
False
Let j(d) = 141*d**2 - 3*d - 21. Let g(s) = s**2 - 14*s - 3. Let z be g(14). Is j(z) composite?
True
Suppose 0 = 2*c + 4*c + 90. Let g = -13 - c. Is (5866/g)/(-6 + 0 + 7) a composite number?
True
Suppose -u - 3*u - 5*v + 1406131 = 0, -4*v + 1054599 = 3*u. Is u a composite number?
False
Let z(i) = -i**3 + i**2 - i + 1. Let j be z(0). Is 2761/(j + 0 + 0) a prime number?
False
Suppose 4*y + 3*t - 2006 = 381, 4*y - 2*t - 2362 = 0. Suppose 385 = 6*u - y. Is u a composite number?
False
Suppose 39 - 4 = 5*p, -p = -r + 210426. Is r composite?
True
Let b(f) = f**3 - 18*f**2 - 2*f - 15. Let v(t) = 2*t + 5*t + 90*t**2 + 3*t**3 + 2*t + 75 - 9*t**3. Let c(w) = -11*b(w) - 2*v(w). Is c(-14) a prime number?
True
Let c(x) = 5589*x**2 + 62*x + 111. Is c(-2) a composite number?
False
Suppose 0 = 2*t + 5*m - 670939, 335469 = 111*t - 110*t + 2*m. Is t prime?
False
Suppose 0*r - r - 12 = 2*z, 3*r + 4*z = -28. Let s be -3 + (-4306)/r*(-1 + 3). Let y = s - 993. Is y a composite number?
True
Let m be ((-78)/9)/(7/(-21)). Suppose 0 = -m*j + 23*j + 62655. Is j composite?
True
Let v be 8/10 + (-64)/(-20). Let a be v - (-4)/(-4)*-3. Suppose 6*l + 4971 = a*l. Is l prime?
False
Suppose 0 = 26*w - 9*w - 476. Let y be (-7)/(w/8)*-1. Suppose -y*s - 130 = -1244. Is s prime?
True
Is (-48904)/24*-3 + 56/7 prime?
True
Suppose 3*q - 310*i = -308*i + 795521, -2*q + i + 530346 = 0. Is q composite?
True
Suppose 0 = -3*d + 4*f + 726349, -484228 = -2*d - 5*f + 7*f. Is d a prime number?
False
Let u be (-14)/(6680/2228 + -4 - -1). Suppose 5*w = 2*s + 7793, 0*s + u = 5*w + 3*s. Is w prime?
True
Let n be (8/4)/(4/8) + 42. Suppose 9*y - 7*y - 47 = 3*a, 0 = 2*y - 2*a - n. Is y a composite number?
True
Let x(n) = n + 26. Let o be x(-8). Let t be (126 - (-1 + -3))*o/(-4). Let j = t - -1483. Is j composite?
True
Let o(u) = u + 2. Suppose 10*k = 6*k + 8. Let n be o(k). Suppose 0 = l - n*l + 1146. Is l a composite number?
True
Let z = 3 + -1. Let c = 308 - 196. Suppose -3*f - c = -4*x + z*x, 4*f + 108 = 2*x. Is x prime?
False
Let h = -60 + 54. Is 1*h/(-45) + (-102730)/(-150) a composite number?
True
Suppose 5*y - 14 = 21. Suppose y*j = -872 + 7179. Is j composite?
True
Let b = 4 + 0. Let v = -356 + 358. Suppose -128 = -k + v*z + 909, 3*z = b*k - 4133. Is k a prime number?
True
Is ((-12357)/(-36)*-4)/((-1)/3) a composite number?
True
Let w = 2673 + -1310. Let m(o) = 92*o - 38. Let j be m(-8). Let a = w + j. Is a a prime number?
False
Let i(t) = 7*t**3 + t**2 + 19*t - 53. Suppose -20 = 11*m - 16*m. Is i(m) a prime number?
True
Suppose 183 + 12 = -2*y - 3*i, 3*y - 2*i = -312. Let k = 60 + y. Is (k + (-1 - 3))*-1 prime?
False
Suppose -2*h = -y - 20, 2*y + 3*y = 5*h - 100. Let z = 24 + y. Suppose -5*n + 4*d + 1385 = -4*n, -z*d = 2*n - 2770. Is n prime?
False
Let x = 100568 - 66865. Is x composite?
False
Let j(u) = 187*u**2 - 53*u - 89. Is j(-21) composite?
True
Is 3 - (-10 + (-184542 - -18)) a composite number?
True
Suppose -19*l + 14*l - 5*r = -1277080, -l = -2*r - 255425. Is l a composite number?
False
Let d(r) be the first derivative of 47*r**4/12 - 5*r**3/2 - 19*r**2/2 - 3*r - 34. Let p(q) be the first derivative of d(q). Is p(-8) prime?
True
Let r be 2 - -1 - (-35 - (12 - 15)). Suppose 58*y = r*y + 375659. Is y a composite number?
False
Suppose r = 2*y + 1202, -2*y - 2 + 0 = 0. Let m = r - -4529. Is m prime?
False
Let b(m) = -2*m - 1. Let z(j) = 860*j + 35. Let k(r) = -2*b(r) + z(r). Is k(2) prime?
False
Suppose 15*t - 1580624 = 5*t - 6*t. Is t prime?
False
Let m = 430365 + -176388. Is m composite?
True
Suppose 895196 = -105*j + 137*j - 855492. Is j a composite number?
False
Suppose -k + 395 = 4*k. Suppose 9788 = -3*f + 4*g, 3193 = -f - g - k. Is ((-12)/8)/(6/f) a composite number?
True
Let i(o) = -o**2 - 16*o + 18. Let t be i(-15). Let b = 36 - t. Suppose -3*s - b*y + 774 = 0, 2*y - 844 - 449 = -5*s. Is s a prime number?
False
Suppose 0 = 16*z - 26*z + 46800. Suppose 3*d - 3*n + 0*n = z, 5*d - 7820 = n. Is d a prime number?
False
Suppose 1149 = m + 6. Suppose m = 4*v - 3*v. Suppose v = 21*f - 12*f. Is f prime?
True
Let f be (270/(-3))/(-3) - (11 + -10). Let v = f + -47. Is 9499/8 - v/(-48) prime?
True
Let y = 4897 - 2850. Suppose -8*v + y + 1097 = 0. Suppose -3*f + v = -234. Is f prime?
False
Let v = -5778 + 3279. Let x = 3566 + v. Is x composite?
True
Let j(y) = y**2 - 14*y + 10. Suppose 28 = 3*b + 4*i, 2*b - 28 = 2*i - 0*i. Let h be j(b). Let v(r) = 2*r**2 + 13*r + 13. Is v(h) a prime number?
True
Let h(k) = -785*k**3 - k**2 + k - 3. Let u be h(2). Is 1/(5 - (-31422)/u) prime?
False
Let m be 9*5/15 + -5 + 4. Suppose -198 = -m*t + 4*v, -3*v + 191 = 2*t - 0*v. Is t a prime number?
True
Let s be -3*(-1)/(-2)*72/27. Let b be ((-6)/(-2))/3 + s. Is (2 - 1)/(b*(-1)/1227) a prime number?
True
Let w = -1597 - -1599. Let j be 46/14 + 4/(-14). Suppose j*p = -w*n + 321, 3*n - p - 478 = -2*p. Is n composite?
True
Let l = 2 - 5. Is 11/l*3*-461